e r(-14). Let t = o + -9. Suppose t = -z - z + 12. What is the units digit of z?
6
Let f(t) = 4*t**2 + t - 3. Suppose -4 = 2*j - j. Let w be f(j). Let x = -38 + w. What is the units digit of x?
9
Let f(r) = -23*r + 3. Let n be f(-1). Suppose -2*z + n = -6. Let d = z - 7. What is the units digit of d?
9
Let k(w) = -w**2 + 6*w + 43. Let y be k(10). Suppose -z = -y*l - 71, 4*l = -0*l. What is the tens digit of z?
7
Suppose 2*l + 22 = 2*g, -2*l + 3 = -5*l. Suppose b + 2*z + g = 3*b, -4*b + 5*z = -15. Suppose b + 0 = 2*v. What is the units digit of v?
5
Let d(w) = 578*w**2 - 2*w + 3. What is the hundreds digit of d(1)?
5
Let h = -88 - -129. Let m(s) = 2*s + 9. Let b be m(19). Suppose h = 4*a - b. What is the units digit of a?
2
Let c be (-3 - -4)*-1 - -4. Suppose -39 + 8 = -4*h - c*s, 2*s + 12 = 2*h. Suppose 0 = -3*q + h + 23. What is the tens digit of q?
1
Suppose 263 = 2*z + 63. What is the units digit of 4/10 + 21360/z?
4
Suppose -2*o + 0*o = -4*d + 8, -o - 10 = -4*d. Suppose o*g = -2*r + 160, -3*r + 2*g - g = -224. Suppose 4*y = 2*y + r. What is the units digit of y?
8
Let j(n) = 5*n**2 + 21*n - 36. What is the units digit of j(11)?
0
Suppose -2*q + 4 = 4*r, 2 = 3*r + 4*q + 9. Let i be -15 + 3/(r - 6). What is the units digit of 39*(i/(-12))/2?
6
Let d = -484 - -932. What is the hundreds digit of d?
4
What is the tens digit of 109 - 3*(-16)/(-12)?
0
Suppose 1444 = 18*v - 932. What is the units digit of v?
2
Suppose -2*v + 5 = 1. Suppose -5*z + 12 = v. What is the units digit of z?
2
Let v(b) = -7*b**3 + 6*b + 17. Let q(g) = 3*g**3 - 3*g - 9. Let f(d) = 5*q(d) + 2*v(d). What is the units digit of f(5)?
9
Suppose -4*w = -5*w + 2. Suppose 0 = 4*i - 3*l - 480, w*l + 149 = i + 24. What is the tens digit of i?
1
Let h(u) = -2*u + 3. Let k be h(0). Suppose -n + 0 = -k. What is the units digit of 86/3 - (-1)/n?
9
Suppose 13*j - 6*j - 2485 = 0. What is the hundreds digit of j?
3
Let p = -199 - -114. Let v = -25 - p. What is the units digit of v?
0
What is the hundreds digit of (-47580)/(-40) - 15/6?
1
Suppose 5*p - 6*p = -4. Let c be 27/(-6) - 6/p. Let q = c - -11. What is the units digit of q?
5
Suppose 0 = -4*c - y - 0*y + 3, 2*c + 16 = -4*y. Suppose -c*s + 4*s = o - 5, o + 2*s - 17 = 0. What is the tens digit of o?
1
Suppose -17*m + 11*m + 1332 = 0. What is the tens digit of m?
2
Let g(n) = 40*n + 37. What is the hundreds digit of g(19)?
7
Suppose -22*p = -32*p + 37820. What is the tens digit of p?
8
Let p be (-7)/(-3) - (-10)/15. Suppose 3*k - 11 = -2*u, p*k + 0 = 2*u + 7. Let l(s) = s**2 - 2*s - 1. What is the units digit of l(k)?
2
Let r(z) = -7*z + 6. Let i(d) = -7*d + 7. Let g(y) = -5*i(y) + 4*r(y). Let u(n) = -6*n + 28. Let x be u(4). What is the tens digit of g(x)?
1
Suppose -17227 = -44*i + 40*i + y, -5*y = 5*i - 21515. What is the tens digit of i?
0
Let u = 624 + -438. Suppose 5*g + 2*n - 280 = 0, -94 = -5*g - 3*n + u. Suppose 3*j - g = d, -35 = -2*j - 2*d - 3. What is the units digit of j?
8
Let b be (-42)/24 + 2/(-8). What is the tens digit of b/11 + (-2384)/(-44)?
5
Suppose -i = 3*i - 3*p - 4167, -5*p = 3*i - 3147. What is the tens digit of i?
4
Suppose -3*s - 2*r = 2*s - 536, 0 = -4*s - 2*r + 428. Suppose 5*z - 151 = -t, -z - 3*z - 4*t = -s. What is the units digit of z?
1
Let c(o) = -7*o**2 + 13*o - 5. Let b be c(4). Let q = -57 - b. What is the units digit of q?
8
Let f(k) = k**3 - 8*k**2. Let q be f(8). What is the tens digit of q + (31 - 4) + -1?
2
Let y = -6 + 10. Suppose -5*c = y*o - 187, 3*c + 7 = 3*o + 103. Suppose 3*m - 41 = -m + i, -4*m = 5*i - c. What is the units digit of m?
0
Suppose 0 = 4*b - 190 + 130. What is the tens digit of b?
1
Suppose 2*c - 5*a = 4659, 4*c = 3*c + 5*a + 2332. What is the tens digit of c?
2
Let k(h) = 5*h + 5. Let a = 23 - 14. What is the tens digit of k(a)?
5
Let q = 9 - 3. Let r = q + -6. Suppose -5*g = -5*s - 20, r = -3*g + s + s + 13. What is the units digit of g?
5
Let h = -14 + 16. Let s be (-2 - -24) + h + 3. Let g = -16 + s. What is the tens digit of g?
1
Let s = -328 + 498. Suppose -3*t + 4*b + 255 = 0, 3*t - t = -4*b + s. What is the units digit of t?
5
Let r(i) = 98*i - 32 - 106*i - 20. What is the tens digit of r(-18)?
9
Let k = -38 + 46. Let h(z) = -6*z**2 + 6*z - 7. Let b(n) = 5*n**2 - 7*n + 6. Let u(v) = 4*b(v) + 3*h(v). What is the units digit of u(k)?
1
Let r(x) = -x**2 + 6*x + 3. Let l be r(5). Suppose v = -4*f + 58, 3*f = l*v - 4*v - 289. What is the units digit of v?
0
Let l(m) be the first derivative of -13*m**2/2 - m - 4. Let q be l(-1). Suppose -15*k = -q*k - 144. What is the units digit of k?
8
Let y(l) = 2*l**2 - 14*l + 14. Let q be y(8). What is the hundreds digit of ((-216)/20)/((-3)/q)?
1
Suppose -5*r + 5*o + 100 = -0*r, -5*o - 10 = r. Let z be r - 12 - (6 - -1). Let w(p) = p**3 + 9*p**2 + 4*p + 6. What is the units digit of w(z)?
0
Suppose -21 = -5*k - 3*r, -2*k + 0*r - r = -9. Suppose 3 = -v + k. Let l = v - -21. What is the units digit of l?
4
Suppose 3*d = 3*g - 2 - 7, -9 = -3*g + d. Let h be 10/(-2) + 3 + g. What is the units digit of h + 2 + 1 + -2?
2
Let o(q) = -20*q + 5. Let z be o(-4). Suppose a + z = x + 2*x, 4*x = a + 112. Let v = -14 + x. What is the tens digit of v?
1
Suppose -226*b + 3228 = -224*b. What is the hundreds digit of b?
6
Suppose -4*x + 3039 - 939 = 0. What is the hundreds digit of x?
5
What is the thousands digit of 450/(-50) - (1 + -1302)?
1
What is the tens digit of 17097/7 + 12/21?
4
Let a(h) = 2*h**3 - 7*h**2 + 13*h - 5. Let f be a(5). Let v = -96 + f. What is the units digit of v?
9
Let z = 446 + -264. What is the tens digit of z?
8
Let v(o) = -o**3 + o**2 - 6*o - 9. Suppose -4*f - 5 = 11. What is the tens digit of v(f)?
9
Suppose u + 3*q - 288 = 0, -5*q = 2*u + 2*u - 1152. What is the units digit of 6/(-4)*u/(-27)?
6
Let b(c) = c**3 + 3*c**2 - 9*c - 8. Let o be b(-4). Suppose a = o*a - 1331. What is the hundreds digit of a?
1
Suppose 4*v = 10 - 6. What is the units digit of (-176)/(-2) + (6/v - 3)?
1
Let h(v) = -7 - 7 - 14*v - 32*v. What is the hundreds digit of h(-4)?
1
Suppose 2*c - 3*r = -0*c - 1, 5*c + r = 23. Suppose -2*w - b = -0*b - 175, -c*w = 4*b - 344. What is the tens digit of w?
8
What is the units digit of (-6)/12 - 5950/(-4)?
7
Let g be -7 - ((-2)/3)/(6/9). Let c = 11 - g. What is the units digit of c?
7
Suppose -4*g + 4*x + 9 = -19, 0 = -4*g - x + 38. Let l(w) = w**3 - 9*w**2 + 8*w - 12. What is the tens digit of l(g)?
6
Suppose -2*g = -23*g + 16065. What is the units digit of g?
5
Let d = -2 + 26. What is the units digit of 1/((47/d - 2)/(-2))?
8
Let f = -22 + 31. Let r(l) = 2*l**2 - 4 - 12 - 2*l - f*l + 4. What is the units digit of r(9)?
1
Suppose -1715 = -14*i + 7*i. Let q = i - 170. What is the tens digit of q?
7
Let x(b) = 2*b**2 + 7*b + 2. Let n = 5 - 10. Let p be x(n). Suppose -5 = -l + p. What is the tens digit of l?
2
Let i be 1/(39/(-13) - (-7)/2). Suppose -i*r - m = -239, 0 = 4*m - 9*m - 15. What is the tens digit of r?
2
Let y = -250 - -460. Suppose -21*a = -16*a - y. What is the units digit of 1281/a - (-1)/(-2)?
0
Let o = 601 - 296. Let h = o + -177. What is the tens digit of h?
2
Suppose -2*q + 4*d + 188 = 0, -4*d + 76 = -q + 2*q. Suppose -y = -3*y + q. Suppose 5*k - k - y = 0. What is the tens digit of k?
1
Let a = -16 + 18. Let r be (-1)/a - (-169)/26. Suppose -r*k = -3*k - 105. What is the units digit of k?
5
Let r = 650 + -428. Suppose i - 4*i + r = 0. What is the tens digit of i?
7
Suppose -4*c - i = -6051, 3*i - 548 = c - 2051. What is the hundreds digit of c?
5
Let p = 213 - -39. What is the units digit of p/27 + 2/(-6)?
9
Let z(m) = 0 + 3 - 2*m**2 + 8*m**3 - 4*m**3 - 2. Let g be z(1). Suppose -g*a + 240 = 5*l, a + 17 + 127 = 3*l. What is the tens digit of l?
4
Let j(d) = -d**2 + 2*d + 1. Let p be j(2). Let k(c) = -11*c**3 - c + 1. Let y be k(p). Let h = y - -17. What is the units digit of h?
6
Let f(r) = -51*r + 4. Let h be f(-4). Suppose 3*m - 14 = h. What is the tens digit of m?
7
Suppose -3*h = -5*v - 51, 0*h - 3*v = -4*h + 57. Suppose -h*p = -6*p - 354. What is the units digit of p?
9
Let r = -278 + 50. Let y = -137 - r. What is the tens digit of y?
9
Let y(x) = 3*x**2 + 10*x - 13. Let k(n) be the first derivative of n**3/3 - n**2/2 - 1. Let c(p) = 4*k(p) - y(p). What is the tens digit of c(15)?